t - 55. What is j(3)?
5
Let s(j) be the second derivative of j**3/6 + 3*j**2 + 10*j. Determine s(-7).
-1
Let z(h) = -h**3 - 7*h**2 + 9*h - 1. Suppose -f + 1 = 9. Calculate z(f).
-9
Let y be (-2)/6 + 21/9. Let a(o) = -2*o - 1 + 3 + 2*o**3 + 5*o**y - o**3. Give a(-5).
12
Let a(n) = -n**3 - 8*n**2 - 2*n - 2. Let p(l) = -4*l**3 - 33*l**2 - 9*l - 7. Let c(i) = -9*a(i) + 2*p(i). What is c(-6)?
4
Let u(l) = -l**2 - 2*l + 2. Suppose 0 = -3*g + 6, 3*o = -0*g + 4*g - 8. Let v = -3 - 1. Let n = o + v. Calculate u(n).
-6
Let q(g) = g**2 - 7. Let x be q(-5). Suppose 0 = 5*o - n - 27, 3*o - n + 1 - x = 0. Let y(m) = -2*m**2 + 7*m + 2. Calculate y(o).
-13
Let x = 22 - 18. Suppose x = -o + 2*o. Let n(b) = b**2 - 5*b + 2. Give n(o).
-2
Let k be (-2)/(-8) - (75/12 + -6). Let i(l) = l**3 + l**2 + l + 2. Give i(k).
2
Let b(a) = -1 - 8 + 6 - a. Give b(0).
-3
Let z be (3 - 3 - 2) + (1 - 1). Let j(o) = o**3 + o**2 - o. Determine j(z).
-2
Let i(z) = 2*z**2 - 6*z. Let s be 30/20*1/3*10. What is i(s)?
20
Let h(g) = -g**3 - 11*g**2 - 10*g + 6. Let r = -1 - 9. Let s be h(r). Let v(y) = -2*y**2 - 7*y + 4. Let q(c) = c**2. Let w(l) = -3*q(l) - v(l). What is w(s)?
2
Let v(g) = -g**3 - 5*g**2 - 4*g + 2. Let d be ((-6)/4)/(9/24). Let x be v(d). Let l(y) = y**3 - 2*y**3 + 3*y**x - 1 + y**2 - y. Calculate l(3).
5
Let t(o) = -o - 3. Let i be t(-5). Let u(k) = k**2 - k + 2. Give u(i).
4
Let c(q) = 2*q**2 + 12*q - 21. Let y be c(-7). Let f(v) be the first derivative of -v**4/4 - 8*v**3/3 - 4*v**2 - 7*v - 1. Calculate f(y).
0
Let w(t) be the second derivative of 1/2*t**3 + 0 + 1/2*t**4 - 1/20*t**5 - 8*t - 1/2*t**2. Give w(6).
17
Let y(o) = -o**2 - 6*o - 7. Let v(a) = -a + 1. Let l be v(7). Give y(l).
-7
Let v be ((-1)/(-3))/(5/(-30)). Let u = 4 + v. Let y(o) = o**2 - o + 2. Give y(u).
4
Let o(b) be the second derivative of b**3/3 + 5*b**2/2 - 12*b. Let k(w) = -3*w - 8. Suppose 3*l + 2*l - 40 = 0. Let n(g) = l*o(g) + 5*k(g). Calculate n(5).
5
Let n be 1 - 3*1/3. Let m(j) = 2*j**3 - 3*j**3 - 2 + 6. Calculate m(n).
4
Suppose 0 = 3*u, n + 3*u = -3 + 5. Let b(g) = 3*g**2 - 3*g + 2. Determine b(n).
8
Let j = 5 - 10. Let s(v) be the second derivative of -4*v + 7/6*v**3 - 1/3*v**4 + 0 + v**2 - 1/20*v**5. Determine s(j).
-8
Let q = -3 + 5. Let t = q + 0. Suppose -2*f + 6*f + t = 3*i, -i + 5 = 3*f. Let y(b) = -6*b + 2. Calculate y(i).
-10
Let q be 60/(-14) - 6/(-21). Let k(t) = t. Let v(h) = -7*h - 1. Let g(m) = 6*k(m) + v(m). Calculate g(q).
3
Let z(c) = c**3 + 5*c**2 + 5*c + 4. Let w be ((-2)/(-5))/((-16)/(-40)). Let r = -4 + w. Determine z(r).
7
Let u(f) = 1 - f - 23 + 23. Give u(-3).
4
Suppose 0 = -10*k + 8*k + 6. Let f(u) be the second derivative of 1/3*u**k + 2*u**2 + u + 0. What is f(-4)?
-4
Suppose -2*b + 1 = 3, -g = -b. Let o(t) = -4*t - 1. Give o(g).
3
Let j(t) = -11*t + 8. Let c(n) = 1. Let w(u) = -6*c(u) - j(u). Let m(q) = 7*q - 9. Let p(r) = -8*m(r) + 5*w(r). Suppose -l = -4*l + 6. Determine p(l).
0
Let p(h) = -h**3 - 4*h**2 - 4*h - 3. Let r be -3*5*1/(-3). Suppose 3*g + r + 4 = 0. Determine p(g).
0
Let h(l) = -l**2 - 8*l + 2. Let s(a) = -a**2 + 7*a - 14. Let n be s(6). Give h(n).
2
Let n(p) = -2*p**2 + 2*p + 2. Let g = 45 - 43. Determine n(g).
-2
Let o(t) = t**3 - 5*t**2 + 2*t + 1. Suppose 3*q - 8 = -q, 5*k + q = -28. Let s(h) = -h**2 - 7*h - 1. Let m be s(k). Calculate o(m).
11
Let y(u) = 3*u**2 - 5*u - 6. Let j(v) = v**3 - 8*v**2 + 8*v - 8. Let w be j(7). Let a(o) = o**2. Let q(m) = w*y(m) + 2*a(m). Calculate q(6).
0
Let z(a) = 3 + a + 2 - 2. Let f(o) = -o**2 + o - 1. Let s be f(0). Let k = s + 5. Calculate z(k).
7
Let o(n) = 0 - 3*n - 1 + 2. Let r be o(-1). Let f(i) = 0*i**2 - 5*i**3 + 2*i - 1 + 6*i**3 - 4*i**2 + 0*i. Determine f(r).
7
Let f(d) = -8 + 2 - 38 + 5*d**2 + 3. Let h(m) = m**2 - 8. Let a(i) = 2*f(i) - 11*h(i). Let t be 1/5 - (-2)/(-10). Calculate a(t).
6
Let f(d) = d**3 + 6*d**2 + 2*d - 1. Suppose q + 3 + 2 = 0. Give f(q).
14
Let u(c) = c**3 + 5*c**2 + 7. Let y be u(-5). Let d(q) be the third derivative of -q**5/60 + q**4/3 - q**3 + 41*q**2. Calculate d(y).
1
Let p = -28 - -25. Let g(s) = s**3 + 3*s**2 + s + 2. Calculate g(p).
-1
Suppose -2*d = -3*x - 7*d - 15, 0 = -5*d - 15. Suppose 0*n = 3*n - 9. Let b(a) = -6 + a + 0 - 2*a**n + a**3. Give b(x).
-6
Let s be (0/6)/(1*-2). Let g(q) = q - 6. Let z be g(s). Let h(k) = -k**3 - 5*k**2 + 7*k + 6. What is h(z)?
0
Let h(j) = -2*j**3 + 4*j**2 + 3*j - 2. Let w be h(2). Let k(v) be the first derivative of -v**3/3 + 2*v**2 + 2*v - 3. Give k(w).
2
Let h = 3 - 9. Let c(x) = 3*x + 2. Calculate c(h).
-16
Let i(l) = l**2 - 6*l + 1. Let s = -1 - -2. Let d = 4 + s. Calculate i(d).
-4
Let f = 0 + 9. Let y(l) = 13*l + f*l - 25*l + 2. Determine y(2).
-4
Let l be (6/(-5))/(14/(-35)). Suppose 0 = -d + l*d - 4. Let b(t) = t**2 + 2*t - 3. Determine b(d).
5
Let k(y) = -y**2 - 5*y + 7. Let u be k(-7). Let g = u - -8. Let w(n) = -7*n. Determine w(g).
-7
Suppose -3*c = 2*c - 10. Let j = 1 + c. Let a(i) = i**3 - 3*i**2 + 2. Calculate a(j).
2
Let c(j) = 3*j**3 + 5*j**2 - 5*j - 5. Let y(v) = -v**3 + v**2 - v - 1. Let k(o) = -c(o) + 6*y(o). Give k(-1).
10
Let z(q) = -2 + 8 - 3 - 4 + q**2. Calculate z(0).
-1
Let l(t) be the third derivative of t**4/24 + t**3 + 8*t**2. Suppose 0 = -0*c + c + 5*f + 16, 8 = -c - f. Calculate l(c).
0
Suppose 4*d - 1 = -5*o, -4*d - d = 3*o - 11. Let b(c) = -c - 1. What is b(o)?
2
Let s(g) be the second derivative of -2*g + 0*g**2 + 0 + 1/2*g**4 - 1/6*g**3. What is s(1)?
5
Let j(w) = -4*w**2 - 8*w + 6 + 11*w**3 + 11*w**3 - 21*w**3. Determine j(5).
-9
Let h(c) = c - 1. Let y(p) = p + 16. Suppose -o = 5*q + 3, -2*o + 2*q - 3*q - 24 = 0. Let l be y(o). Give h(l).
2
Let i(z) be the first derivative of z**3/3 - 3*z**2 + 2*z + 30. Give i(6).
2
Let g(m) = 2*m - 1. Let x = 3 - 2. Let l(y) = x + y - 6 - 2. Let a be l(8). What is g(a)?
1
Let q(z) be the first derivative of -1/30*z**5 + 0*z**4 + z**2 + 0*z - 1/6*z**3 + 2. Let v(i) be the second derivative of q(i). What is v(-1)?
-3
Let z(w) = -w + 5. Let i be 0 + ((-1)/1 - -1). Let q be z(i). Let u(p) be the first derivative of p**2/2 - p - 11. What is u(q)?
4
Let t(h) = 5 - 71*h**2 + 32*h**2 + 40*h**2 + 5*h. Give t(-4).
1
Let y(z) = 2*z**3 + 24*z**2 - z - 5. Let j be y(-12). Let w(g) = g**2 - 8*g - 2. Give w(j).
-9
Suppose -2*o + 1 = 2*i - 13, 0 = 2*i - 3*o + 11. Let s(d) = -2*d**2 + d**2 + 0*d**2 + 1. Determine s(i).
-3
Let g(r) = -2 - r**3 + 0 - 5*r**2 + 2*r**3 + 5*r. Suppose 14*p - 9 = 11*p. Determine g(p).
-5
Let c(b) = -b**2 + 10*b - 6. Let i be c(10). Let q be (-3)/i - 3/(-6). Let t(n) = -8*n - 8. Let w(h) = 8*h + 7. Let z(k) = -6*t(k) - 7*w(k). What is z(q)?
-9
Suppose 2*h - 4 = 3*h. Let l be 1 - 3 - h/2. Let x(t) = -t + 1 + 1 - 7. Give x(l).
-5
Suppose 3 = -4*a - 5. Let m be 0/((-3)/(a - 1)). Let t(x) = 4*x + m*x**2 - x**2 + x - 2. Calculate t(4).
2
Let k(f) = -5*f**3 - f**2 - 2*f + 4. Let y(u) = -u**3 + u**2. Let p(j) = k(j) - 4*y(j). What is p(-4)?
-4
Let p = 17 + -14. Let d(n) be the first derivative of 1/3*n**p - n + 3 + n**2. Determine d(-4).
7
Suppose 4*x + 3 + 1 = 0. Let j be x/((-1)/(-6))*1. Let g(o) = -o - 7. What is g(j)?
-1
Let x be ((-11)/2)/(2/(-4)). Let b = -5 + x. Let l(q) be the first derivative of -q**2/2 + 3*q + 1. Give l(b).
-3
Let b(t) = t**3 + 7*t**2 - 8*t - 2. Let g(m) = 7*m + 13. Let y be g(-3). What is b(y)?
-2
Let x = -14 + 9. Let q(p) = -p - 4. Let g be q(x). Let v(w) = -5*w**3 + w**2 - 2*w + 1. Determine v(g).
-5
Let u(j) = j**2 + 20*j - 70. Let s be u(-23). Let b(q) = -3*q**2 + q + 1. Give b(s).
-3
Let k(m) = m**3 + 2*m**2 + 3*m. Let g(r) = r**2 + 12*r + 4. Let z be g(-12). Suppose 0 = -z*b + 3 - 11. What is k(b)?
-6
Let a(i) = -7*i**2 - 16*i - 9. Let z(w) = -10*w**2 - 24*w - 14. Let f(n) = 7*a(n) - 5*z(n). Let l(g) = -4*g**2 - g + 13. Let y be l(2). Calculate f(y).
-8
Let d(r) = -2*r**2 + 7*r - 5. Suppose 7*c - 4*c = -3*j + 3, -5*c = -j + 19. Give d(j).
-9
Let x(z) = -z**2 - 12*z - 15. Let a = -9 + -1. Give x(a).
5
Let v be (-2)/10 + 78/15. Suppose 0 = -c + v*c. Let a(d) = c*d**2 + d**2 + 2 + 0*d**2. Give a(0).
2
Let q(w) = -4*w**2 - 2*w + 2. Let f be (-12)/(-2)*(-4)/(-6). Let u = 2 - f. Calculate q(u).
-10
Let h(d) = 2*d - d**2 + 5 + 6*d**2 - 7*d**2 + d**2. Give h(5).
-10
Let u be (1 - (2 - 3))/(-1). Let a(z) = -z - 1 + z**3 + z**2 - z**